 4. Give r(v).
4
Let b(t) = t**3 - t**2 - 2*t + 3. Let h be b(2). Suppose -2*o = 5 + h. Let v(d) = d + 1. Determine v(o).
-3
Let w(n) = -n - 2. Let r be w(5). Let y(b) = -b**2 - 9*b - 8. Give y(r).
6
Let w = 16 + -45. Let n = -34 - w. Let p(v) be the first derivative of v**2 + 4*v + 1. Give p(n).
-6
Let g(d) be the first derivative of d**4/4 - 5*d**3/3 - 2*d**2 + 6*d + 7. Give g(5).
-14
Suppose 0 = o + 2*o. Suppose o = 3*t + 2*t. Let q(p) be the second derivative of -p**4/12 - p**3/6 + 5*p**2/2 - 3*p. Determine q(t).
5
Let p(w) = 2 + 7 + 3*w - w - 10. What is p(4)?
7
Let x(g) = -g**2 + 2*g + 1. Let p = -10 - -1. Let v = p + 11. Suppose 0 = t + v - 4. Give x(t).
1
Let l(z) = -11*z + 16. Let u(a) = -7*a + 11. Let o(d) = -5*l(d) + 8*u(d). Give o(6).
2
Let z(n) be the third derivative of -n**6/360 + n**3/3 + n**2. Let i(q) be the first derivative of z(q). Give i(-3).
-9
Let b(q) = -4 + q - 3 + 2 - 8*q - q**2. Calculate b(-5).
5
Let t(a) = 3*a - 9. Let q(o) = -o + 1. Let u(m) = -2*q(m) - t(m). What is u(5)?
2
Let u(y) = y. Suppose 0 = -4*x + 5 + 7. Let b be u(x). Let n(v) = -2*v**3 - 2*v**2 + 0*v**3 + 2 + b*v + 0. Calculate n(-2).
4
Let t = -6 - -9. Let r = -2 - t. Let j(l) = -5*l**2 + l. Let g(n) = 3*n**2. Let v(s) = -7*g(s) - 4*j(s). Give v(r).
-5
Let a(c) be the first derivative of -c**2/2 - 4*c - 15. Give a(-6).
2
Let z(a) = -a**2 + 2*a + 5. Suppose 6 = -0*u + 3*u. Suppose u*k - 7 = 1. What is z(k)?
-3
Let n(t) = t**2 + 5*t - 4. Let z(j) = j**2 + 5*j - 4. Let q(r) = -4*n(r) + 3*z(r). Let w(b) = -b**2 + b + 1. Let d be w(-2). Calculate q(d).
4
Let f(j) be the third derivative of -j**6/120 + 13*j**5/60 + j**4/12 - 19*j**3/6 + 13*j**2. Give f(13).
7
Let g(o) = -5*o - 2. Suppose -5*f = -3*z + z - 9, -4*z - 3 = -5*f. Let w(b) = 10*b + 5. Let l(i) = z*w(i) + 7*g(i). Give l(-1).
6
Let x(t) be the first derivative of t**3/3 - t**2/2 + 6*t + 9. What is x(0)?
6
Let p(n) = n**2 - 6*n - 1. Let m(j) = -j**2 + 1. Suppose 4*v = -0*v + 4. Let x(i) = v*p(i) + 2*m(i). What is x(-5)?
6
Let o(i) = -2*i**2 + 6*i + i**2 + 6 + 0*i**2 - 1. Let l(g) = -g**2 + 5*g + 4. Let v(r) = 5*l(r) - 4*o(r). Determine v(3).
-6
Let v(t) = -t**2 - 6*t - 4. Let c be v(-5). Suppose 4*i = -i. Let f(p) = 5*p**2 + 1 + 0 + i. What is f(c)?
6
Let k = -1 - -3. Let u(r) = 4*r + r**2 + 0*r**k + r. Determine u(-4).
-4
Let s = -42 - -43. Let j(f) = 18*f - 1. Determine j(s).
17
Suppose 4*t + 5*c = 3*t - 6, -3*t - 18 = 4*c. Let a(u) = -u**2 - 8*u - 7. What is a(t)?
5
Let h(i) = 10*i**2 - 2*i + 5. Let d(s) = -s - 1. Let j(w) = -19*w**2 + 8*w - 5. Let g(y) = -4*d(y) - j(y). Let l(c) = 6*g(c) - 11*h(c). Determine l(-1).
5
Let a(w) be the third derivative of w**4/24 + w**3/2 - 2*w**2. Let g be a(0). Let o(m) = g*m**2 - 2*m + 2 - m**3 + 2*m - 3*m. Calculate o(2).
0
Let d(k) = -6*k**2 + k**3 - 2*k + 6*k**3 + 7*k**2 + 3*k. Calculate d(-1).
-7
Suppose -2*w - 25 = 5*x, 6*w = 3*x + w - 16. Let l(t) = -2*t**3 - 4*t**2 - 2*t - 3. What is l(x)?
21
Let s(v) = -v**2 + 6*v - 1. Suppose 2*b - 11 = -0*b - c, -5*b = -2*c - 23. Let n be s(b). Let f(i) = -4 + n*i**3 - i + 0*i - 3*i**3. Calculate f(0).
-4
Let d(u) = 2*u - 1. Let w(i) = -i**3 + i**2 - i + 6. Let r be w(0). Let j(l) = l - 1. Let n(a) = r*j(a) - 4*d(a). What is n(-2)?
2
Let x(r) be the second derivative of -r**4/12 + 5*r**3/6 - r**2 - 4*r. Calculate x(2).
4
Let u = 22 - 19. Let m be 0 - (6 - 2 - u). Let f(k) = -8*k**3 + k. Calculate f(m).
7
Let q(l) = -2*l - 2. Let x be q(-2). Let n(m) = 1 + 4*m - 2*m - 4*m**x + 0. Let g = -10 + 9. Calculate n(g).
-5
Let f(z) = 5*z + 1. Let j be f(2). Suppose 1 = 3*b - j. Let k(t) = -7 + t**3 - 3*t + 2*t**2 + b + 0*t**3 + 2*t**2. What is k(-4)?
9
Let u(s) = 4*s**3 - 1. Let g be u(-1). Let j be (-6)/30 + (-16)/g. Let b(z) = z**2 - 1. Let c(q) = -q**2 + 1. Let d(o) = 6*b(o) + 7*c(o). What is d(j)?
-8
Suppose -4*c = f + 4*f - 35, 4*f = 3*c - 3. Suppose -5*s - 5*p = -3*s, f*s - 7 = -4*p. Let d(q) = q**2 - 3*q - 5. What is d(s)?
5
Let m(p) = -7*p**3 - 3*p**2 + 5*p - 17. Let n(u) = 11*u**3 + 5*u**2 - 8*u + 26. Let t(v) = 8*m(v) + 5*n(v). Give t(0).
-6
Let m(k) = k**3 - k**2 - k + 4. Suppose 3*v = v. Let g(a) = -a. Let r be g(v). Determine m(r).
4
Let s(o) = -15*o**3 - o**2 + o + 1. Let p = 23 + -24. Determine s(p).
14
Let f(l) = -2 + 3*l**2 + 2*l**2 - 6*l**2 - 4*l. Let t(a) = -a - 3. Let r be t(-5). Suppose r*k + 5 + 5 = 0. What is f(k)?
-7
Let x(w) = 2*w - 1. Let z(p) = -p - 6. Let q be z(-3). What is x(q)?
-7
Let x(s) = 11*s + 8. Let d(c) = 4*c + 3. Let y(u) = -8*d(u) + 3*x(u). Calculate y(6).
6
Let z(u) = -u + 13. Let j(h) = 13*h - 82. Let o be j(7). What is z(o)?
4
Let a(j) = 3*j**2 + 6 - 8*j + 0 - 3*j**2 + j**2. Give a(6).
-6
Let w(y) = -y**3 - 8*y**2 + 8*y - 3. Let g be w(-9). Suppose x - g = -2*x. Let k(a) = 0*a**2 + x*a**2 - a**2 + 6 - 7*a. Give k(5).
-4
Let t(d) = -d**3 + 6*d**2 - 5*d. Let x(h) = -h**3 + 10*h**2 - 3*h + 34. Let l be x(10). What is t(l)?
12
Let s(v) = v**3 - v. Let g = 18 - 15. Suppose -b - l - 13 = -5*l, 0 = -g*b - 2*l + 3. Give s(b).
0
Let k = -191 - -189. Let m(u) be the first derivative of u**2 + 3*u - 1. What is m(k)?
-1
Suppose 0 = r + 4*r - 15. Let f(d) = 4*d + d**2 + d + 3 - 5*d - 2*d. Determine f(r).
6
Let p(o) be the second derivative of -5*o**4/12 + o**3/6 - 15*o. What is p(-1)?
-6
Let s(k) = -k**3 + 1. Let a(r) = -7*r**3 - 4*r**2 + 2*r + 4. Let c(i) = -a(i) + 6*s(i). Determine c(-5).
-13
Let c(x) be the second derivative of 0 + 1/8*x**4 - 1/30*x**5 - 1/120*x**6 + x + 2/3*x**3 + x**2. Let z(r) be the first derivative of c(r). Calculate z(-3).
4
Let p = 7 + -3. Let b(d) = -d + d**3 + 4*d**2 - p - 4*d**2 + d**2. Let l(x) = x - 6. Let i be l(6). Determine b(i).
-4
Let j(m) be the first derivative of -4*m**3/3 + m + 1. Suppose -3*r + 4 = 7. What is j(r)?
-3
Let l(p) = 1 + 1 - 2 - 3*p**2 + p. Determine l(1).
-2
Let h(n) = -n + 2. Let t(q) = q**3 - 2*q**2 + q - 7. Let p be t(0). Suppose -g - f = 11, f + 2 = -4*g - 45. Let a = p - g. Give h(a).
-3
Let r(j) = -3*j + 2*j**3 + j - 4 + 2 + 2*j**2. Let f be 0 + -1 - (-5 - -2). Let w be -2 - 1 - (f + -3). Determine r(w).
-6
Let f(b) = -b**2 + 5*b + 3. Let u be (-25)/(-4) - 2/8. What is f(u)?
-3
Let p(j) = -2*j + 7. Suppose -h - 4*q + 2*q + 11 = 0, 5*h - 40 = -5*q. Let t be p(h). Let b(l) be the first derivative of -l**2/2 - 2*l - 1. Determine b(t).
1
Let c(y) = -13*y**3 - y**2 + 1. Let t be 1*4/(8/(-2)). Calculate c(t).
13
Let u(s) = -6*s - 265 + 261 - 5*s**2 + 4*s**2. Calculate u(-6).
-4
Let d be (10/30)/((-1)/(-3)). Let x(f) be the first derivative of -7*f + d - 1/2*f**2. Determine x(-5).
-2
Let t be (0/1)/(-1 + 0). Let o(m) be the third derivative of -m**6/120 - m**3 - 4*m**2. Let k(h) = 2*h**3 + 12. Let v(w) = 3*k(w) + 5*o(w). Give v(t).
6
Suppose 2*i - 8 = 0, 2*t - 4*i + 43 = -t. Let g = 7 + t. Let k(x) = 2*x**2 + 2*x + 3. What is k(g)?
7
Let x(k) = 3*k**2 - 15*k + 7. Let j(y) = 2*y**2 - 10*y + 5. Let r(d) = -8*j(d) + 5*x(d). Let u(o) = -o**3 - o**2 + o + 5. Let s be u(0). What is r(s)?
-5
Suppose 0*m - 2*m + 6 = 0. Suppose 4 = -m*i + 2*i. Let g(w) = -2*w + 1. What is g(i)?
9
Let a(r) = r**2 + 6*r + 3. Suppose -2*s = -0 + 10. Let o = 1 + s. What is a(o)?
-5
Let u(k) = -2*k**2 - 20*k - 19. Let b be u(-9). Let p(n) = -9*n**2 - 3*n + 2. Let s(i) = 9*i**2 + 4*i - 3. Let c(w) = -4*p(w) - 3*s(w). Give c(b).
10
Let r(i) = -i**2 - 4*i + 9 - 12 + 4*i**2 - 2*i**2. Give r(4).
-3
Suppose -5*z - 3 = -13. Let a(t) be the first derivative of t**4/4 - t**3/3 + t**2/2 - t + 9. What is a(z)?
5
Suppose 3*o = -2*o + 30. Let q(g) be the third derivative of -g**2 - 1/24*g**4 + 0 + 0*g + 1/2*g**3. Give q(o).
-3
Suppose 9*d - 4*d - 25 = 0. Let l(w) be the third derivative of 1/3*w**3 + 0*w + 5/24*w**4 + 1/10*w**d - w**2 + 1/120*w**6 + 0. Determine l(-5).
2
Suppose 0 = -6*c + c - 25. Suppose 4*i = 2*i + 4. Let d(p) = -4 + p**i + 4*p - 3 + 0. Determine d(c).
-2
Let x(y) = -2*y - 7. Suppose 3*s + 2 = -19. Let b = s + 1. Calculate x(b).
5
Let j(i) be the third derivative of -i**4/24 - 5*i**3/6 + 15*i**2. Calculate j(-5).
0
Let j(a) = -a + 7. Let f be j(5). Let p be -1 - (1 - 1) - -9. Let z(w) = f*w**2 - 1 + 3*w - p*w - w**2. Determine z(5).
-1
Let j be (10/(-8))/((-2)/8). Let l(g) = -j*g + 0*g + 0*g - 3 - g. Let d(o) = -12*o - 5. Let p(b) = -4*d(b) + 7*l(b). Calculate p(-1